s the tens digit of y?
0
Suppose 3*t = 4 + 17. Suppose -3*v + 393 = -2*u, 0 = -v - 3*u + t*u + 141. What is the units digit of 3/2*(1 + v/9)?
3
Let g(z) = 2*z**2 + 2*z + 51. Let k = -63 + 80. Suppose -17 = 5*f - k. What is the tens digit of g(f)?
5
What is the hundreds digit of ((-9170)/25 - -16)/(2/(-5))?
8
Let l be 6/(-4)*((-56)/(-8) + -9). Suppose 4*s + 2*x = 1060, -x - 795 = -l*s - 0*s. What is the hundreds digit of s?
2
Let w(a) be the first derivative of -11*a**4 + 2*a**3/3 + 3*a**2/2 + 2*a - 79. What is the units digit of w(-2)?
6
Suppose -39 = 2*u - 43, -3*o + 3*u = -206163. What is the ten thousands digit of o?
6
Let q(f) = -331*f - 19. Let r be q(-3). Let t = -676 + r. What is the hundreds digit of t?
2
Let j = -6586 - -14468. What is the tens digit of j?
8
Let k = -10099 - -19197. What is the thousands digit of k?
9
Let g = -17144 - -89633. What is the units digit of g?
9
Let u(c) = 10*c**3 + 5*c**2 + 2*c - 28. Let z(r) = -32*r**3 - 16*r**2 - 7*r + 85. Let b(g) = -7*u(g) - 2*z(g). What is the hundreds digit of b(-6)?
2
Suppose 4*u - 5851 + 1499 = 0. What is the thousands digit of u?
1
Suppose 89546 + 66766 = 24*t. What is the tens digit of t?
1
Suppose -w + 4 = -10. Let d = -54 + 64. Suppose -w*t = -d*t - 288. What is the units digit of t?
2
What is the hundreds digit of ((-972195)/49)/(-3) + -6 + 38/7?
6
Let j = -55 + 75. Suppose -3*d + 4*t = j, t - 1 = -4*d + 4. Suppose 2*p - 5*b + 83 - 528 = 0, -4*p - 2*b + 830 = d. What is the hundreds digit of p?
2
Suppose -d + 3*v = -87, -58 = -2*d - 4*v + 126. Suppose 0*l = -3*n + 2*l + 92, 3*n = 3*l + d. Suppose -12 + n = 5*j. What is the units digit of j?
4
Let a be 1 + (0 + 0 - 9). Let l be 3 + 0*(a/4 - -3). Suppose -432 = -0*h - 4*h + j, -5*j = -l*h + 307. What is the units digit of h?
9
Suppose 2*l = -16 + 40. Suppose 0*x - x - 5*c + 22 = 0, l = 2*x + 2*c. What is the tens digit of 1 - x - (-5)/((-20)/(-64))?
1
Suppose 0 = 24*i - 103 - 689. Suppose j = -i + 56. What is the tens digit of j?
2
Let y(x) = -x**3 + 95*x**2 - 159*x + 166. What is the units digit of y(92)?
0
Let t be ((-4)/((-120)/7506) - 5)*5. Let g = 2161 - t. What is the units digit of g?
5
Suppose -119299 + 23763 = -8*c. What is the units digit of c?
2
Suppose -4*b + 1217 = -4*h + 3473, -5*h + 4*b = -2823. Suppose 0 = n - 3*c - h, -10*c = -5*c + 25. What is the units digit of n?
2
Suppose -15 = -9*s - 6. What is the tens digit of s*-4 + 11/((-110)/(-2360))?
3
Let x(v) = 8*v + 59. Let f(i) = i - 1. Let b(d) = -f(d) - x(d). Let s(r) = 3*r + 19. Let z(c) = 6*b(c) + 17*s(c). What is the units digit of z(-9)?
2
Suppose 0*w - 62020 = -21*w - 7*w. What is the hundreds digit of w?
2
Let i be (-3 - 21)/(-6) - 6. Let z = i - -10. What is the units digit of z?
8
Suppose -37*j + 38*j = 3*t + 6811, 6819 = j - 5*t. What is the units digit of j?
9
Suppose -4*n = 2*d - 32842, -4*d - n + 58384 + 7286 = 0. What is the hundreds digit of d?
4
Suppose 0 = -37*p + 141510 + 164480. What is the tens digit of p?
7
Suppose -5*y + 0*y + 40 = 0. Suppose -y*q + 1141 = -q. What is the units digit of q?
3
What is the thousands digit of 741816/90 + (-4 - -1) + 62/(-155)?
8
Suppose f - 27 = -5*o - 0*f, f = 2. Suppose o*g - 1513 = 1272. Suppose 5*p + 545 = 3*u, -g = -3*u + 2*p - 3*p. What is the tens digit of u?
8
Let l(q) = 8*q - 258. Let x be l(14). Let m = 1709 + x. What is the thousands digit of m?
1
What is the tens digit of 101057/4 + (27/(-4))/27?
6
Suppose 0 = 17*a - 0*a + 221. Let y = a - -185. What is the units digit of y?
2
Let l be -4 + 0 - -4 - 62/(-2). Suppose l*k - 36*k + 2320 = 0. What is the hundreds digit of k?
4
Suppose 4*d - 3*b - 20717 = 0, -16*d - b + 5181 = -15*d. What is the units digit of d?
0
Let d be (12/16)/(4/(-288)). Let p = d - -57. Suppose -2*c - 10 = -4*v, 4*v - 15 = -p*c - 0*v. What is the units digit of c?
1
Suppose 32*p + 6*d = 27*p + 11439, 11419 = 5*p + d. What is the hundreds digit of p?
2
Let f(o) = 7*o - 17. Let w be f(3). Suppose -3*l - 26 = p + w*p, -p + 4*l = -4. What is the units digit of 122/7 + (p/(-7) - 1)?
7
Let r be (-2)/6*(-10 + 13) - -3. Suppose -2*q + 941 = -f - 0*f, 950 = 2*q + r*f. What is the hundreds digit of q?
4
Let t = -176 + 180. Suppose 3315 = t*z + z + 2*y, 0 = -3*z - y + 1988. What is the units digit of z?
1
What is the units digit of (33488/260)/(8/1060)?
6
Let j = -62905 - -102940. What is the ten thousands digit of j?
4
Let y(d) = 11*d**3 + 22*d**2 + 192*d - 3422. What is the thousands digit of y(16)?
0
Suppose -14 = 3*t - 11, 0 = -2*g + t + 13. Suppose 0 = -g*y + 2*y + 2656. What is the units digit of y?
4
Let h be (1 + 360 + -1)/((-3)/(-9)). Suppose 0*a + h = 4*a. Suppose -a = -4*u - 18. What is the units digit of u?
3
Let b = 2982 + -1568. What is the thousands digit of b?
1
Let s(g) = 2255*g - 289. What is the hundreds digit of s(15)?
5
Let s = -25 - -29. Suppose -4*r = -5*g + 1342, -2*g + s*g - r = 535. Let b = -130 + g. What is the units digit of b?
6
Suppose -39*w + 11289 = -7759 + 4150. Suppose -721 = 3*c - 106. Let s = w + c. What is the hundreds digit of s?
1
Suppose -8*s + 180825 = 17*s. What is the hundreds digit of s?
2
Suppose 5*p + 5*d - 790 = 0, -p + 5*d = -95 - 33. Suppose -159*g + 1854 = -p*g. What is the units digit of g?
9
What is the hundreds digit of (-72 - -68) + (2*-1)/(-2) + 3529?
5
Let r = 48600 - 6350. What is the ten thousands digit of r?
4
Let w = 33 - 26. Suppose 3*s + 16 = w*s. Suppose -s*i + 62 = z, 0 = 5*z + 2*i - 51 - 205. What is the tens digit of z?
5
Suppose 0 = x - 4*f - 19 - 30, 170 = 4*x - 3*f. Suppose 0 = -5*u - x + 2316. What is the units digit of u?
5
Suppose -4*b + 11836 + 90270 = 5*x, -5*b + 20 = 0. What is the tens digit of x?
1
Suppose -2*r + 5*v = -50, -6*r + r = 5*v - 160. Suppose 0 = 3*l + 18 - r. What is the hundreds digit of (386/l)/(2 - (-12)/(-8))?
1
Let i(p) = p - 28. Let y be i(17). Let v = 14 + y. Suppose 0 = 2*s - 3*s + v. What is the units digit of s?
3
Suppose 2*y = -4*t + 69194, -51885 = -3*t - 31*y + 28*y. What is the hundreds digit of t?
3
Let r = -4 + 0. Let s(q) be the third derivative of -q**4/2 - 8*q**3/3 - 10*q**2 + 6*q. What is the units digit of s(r)?
2
Let l(r) = 178*r - 574. What is the tens digit of l(34)?
7
Let x(t) = -3*t + 4. Let w be x(7). Let z = w + 15. Let s(j) = -37*j + 2. What is the tens digit of s(z)?
7
Suppose 0 = -38*l - 5*l + 599033. What is the thousands digit of l?
3
Suppose -4*i = 2*w + 12, -3*w - 3*i + i = 26. Suppose o = -3*b - 10, 3*o + 2*o + 20 = -5*b. What is the units digit of ((-33)/(-9) - 4) + w/b?
3
Suppose -20*y + 74*y = 393930. What is the thousands digit of y?
7
Suppose 2*r + 4*l - 642 = 3934, -4*l = -5*r + 11468. What is the thousands digit of r?
2
Let b(d) = 71*d**2 - 69*d + 23. What is the units digit of b(-10)?
3
Suppose -64 = 2*v + 4*n - 1298, 4*n = 4*v - 2420. Let c = v + 489. What is the units digit of c?
8
Suppose c - 5*o + o = 12, 5*o + 15 = -5*c. Suppose c = -140*n + 141*n - 15. What is the tens digit of 207/n + (-3)/(-15)?
1
Suppose -41*l + 4900 = -48*l. Let f = 75 - l. What is the tens digit of f?
7
Let b = -5 - -11. Let x(v) = -12*v + 107. Let i(m) = 4*m - 36. Let j(h) = b*x(h) + 17*i(h). What is the tens digit of j(-8)?
6
Let j = -5450 - -9396. What is the thousands digit of j?
3
Suppose -127*u + 3436232 = 545585. What is the ten thousands digit of u?
2
Suppose 2*p - 100 = -b, 9*p + 145 = 12*p + 4*b. What is the units digit of p?
1
Let i = 6492 - 4650. What is the tens digit of i?
4
Suppose -2*w = k - 95877, -95859 = -2*w + 44*k - 43*k. What is the ten thousands digit of w?
4
Let t(h) = 190*h - 10*h**2 + 10 + 17 + 48*h - 34 - 9*h**2. What is the units digit of t(10)?
3
Suppose 0 = -2*v + 2*y - 62, 0*v + 2*y - 28 = v. Let c = v - -164. Let s = -17 + c. What is the tens digit of s?
1
Let o be (0/((-49)/7))/3. Suppose w - 127 + 24 = o. What is the units digit of w?
3
Let f(p) = -2*p**2 - 8*p + 23*p + 4*p**3 + p**3 + p**2 - 50 + 12*p**3. What is the tens digit of f(3)?
4
Let n(r) = 5*r**2 + 139*r - 4304. What is the hundreds digit of n(60)?
0
What is the thousands digit of ((-20)/24)/(62/(-124620))?
1
Let d(i) = i**3 - 3*i**2 - 2*i - 9. Let z be d(4). What is the hundreds digit of 10*(803/(-66))/(z/3)?
3
Suppose d + 3*d + 176 = q, q = -4. Let u be 9/(-36)*0 + 112. Let x = d + 